umber?
False
Is 111803 composite?
True
Is 2081 prime?
True
Is 116149 a composite number?
True
Is 729137 composite?
True
Is 4513 a prime number?
True
Is 10831 a composite number?
False
Is 12147 a composite number?
True
Is 1847 prime?
True
Is 4783 prime?
True
Is 37319 composite?
True
Is 3119999 composite?
False
Is 1121183 a prime number?
False
Is 257413 composite?
True
Is 3155 a composite number?
True
Is 9813 a prime number?
False
Is 20005 a composite number?
True
Is 902119 composite?
False
Is 785801 composite?
False
Is 15511 composite?
False
Is 230479 a prime number?
True
Is 11351 a composite number?
False
Is 145849 prime?
False
Is 244897 prime?
True
Is 155174 prime?
False
Is 41299 composite?
False
Is 623581 a composite number?
True
Is 261881 prime?
True
Is 223189 a composite number?
True
Is 14471 prime?
False
Is 4193 composite?
True
Is 471005 composite?
True
Is 8561 a prime number?
False
Is 226087 a composite number?
False
Is 24233 a prime number?
False
Is 37031 a composite number?
True
Is 20231 a composite number?
False
Is 1009 a composite number?
False
Is 1657 composite?
False
Is 2282303 a prime number?
True
Is 406537 composite?
True
Is 3159907 a prime number?
True
Is 599 prime?
True
Is 445741 composite?
False
Is 64849 composite?
False
Is 9301 a prime number?
False
Is 2417 prime?
True
Is 12869 prime?
False
Is 3203 prime?
True
Is 750571 a prime number?
True
Is 61861 composite?
False
Is 3039 a composite number?
True
Is 195785 prime?
False
Is 4853 a prime number?
False
Is 81827 a composite number?
True
Is 9017 a prime number?
False
Is 2461 composite?
True
Is 30235 a prime number?
False
Is 26627 a composite number?
False
Is 529 a prime number?
False
Is 484649 a composite number?
True
Is 3593 a composite number?
False
Is 2927 composite?
False
Is 262963 a prime number?
False
Is 39265 a composite number?
True
Is 2333 a prime number?
True
Is 73007 prime?
False
Is 213739 a prime number?
False
Is 1361 composite?
False
Is 80849 a composite number?
False
Is 37031 prime?
False
Is 44249 a composite number?
False
Is 1180887 a prime number?
False
Is 269155 a prime number?
False
Is 277423 a composite number?
True
Is 552649 composite?
False
Is 576273 a composite number?
True
Is 54898 composite?
True
Is 39749 composite?
False
Is 277231 a prime number?
True
Is 10813 prime?
False
Is 228731 a prime number?
True
Is 683 prime?
True
Is 122429 a composite number?
True
Is 188869 composite?
False
Is 2453 prime?
False
Is 85993 prime?
False
Is 5293 a prime number?
False
Is 23 a prime number?
True
Is 30487 a prime number?
False
Is 10265 prime?
False
Is 67 composite?
False
Is 2053 a prime number?
True
Is 105107 a prime number?
True
Is 209603 composite?
True
Is 3239 a prime number?
False
Is 20593 prime?
True
Is 39367 prime?
True
Is 8147 a prime number?
True
Is 20074 a prime number?
False
Is 1715761 prime?
True
Is 584899 a composite number?
True
Is 17267 composite?
True
Is 5623 a prime number?
True
Is 5381 a prime number?
True
Is 1969 a composite number?
True
Is 17881 prime?
True
Is 32401 prime?
True
Is 710189 a prime number?
True
Is 86063 prime?
False
Is 29177 prime?
False
Is 282349 a composite number?
False
Is 29701 a composite number?
True
Is 38543 prime?
True
Is 217879 prime?
False
Is 50321 a prime number?
True
Is 751661 a prime number?
True
Is 44579 composite?
False
Is 75967 prime?
True
Is 20369 a prime number?
True
Is 1156997 a composite number?
False
Is 950059 a prime number?
False
Is 5263 a composite number?
True
Is 201073 composite?
False
Is 13495 a prime number?
False
Is 75413 a prime number?
False
Is 42203 a composite number?
True
Is 7417 composite?
False
Is 10211 composite?
False
Is 677 a composite number?
False
Is 3649 composite?
True
Is 497849 composite?
True
Is 1814 composite?
True
Is 170099 a prime number?
True
Is 5305 composite?
True
Is 73663 prime?
False
Is 318377 a composite number?
False
Is 4043 composite?
True
Is 307795 prime?
False
Is 198059 prime?
False
Is 403 prime?
False
Is 1972417 a prime number?
True
Is 69779 a prime number?
True
Is 1820863 composite?
True
Is 22679 a composite number?
False
Is 4481 a composite number?
False
Is 61463 prime?
True
Is 39673 a prime number?
False
Is 57509 prime?
False
Is 1560971 a composite number?
True
Is 12115 composite?
True
Is 2533 a composite number?
True
Is 139069 a prime number?
False
Is 32869 a prime number?
True
Is 143909 a prime number?
True
Is 85 prime?
False
Is 76403 a prime number?
True
Is 6971 prime?
True
Is 360611 prime?
True
Is 33265 composite?
True
Is 25927 a composite number?
True
Is 6047 a prime number?
True
Is 135701 a composite number?
False
Is 83783 a prime number?
False
Is 14903 composite?
True
Is 3241 a composite number?
True
Is 34511 a composite number?
False
Is 17851 composite?
False
Is 363367 prime?
True
Is 20317 a composite number?
True
Is 51257 composite?
False
Is 2309 composite?
False
Is 4689803 a composite number?
False
Is 109247 a composite number?
True
Is 155569 prime?
True
Is 106087 a composite number?
False
Is 126097 prime?
True
Is 15497 a composite number?
False
Is 4967 a prime number?
True
Is 238361 composite?
False
Is 14019 a prime number?
False
Is 822487 a composite number?
True
Is 2039 a prime number?
True
Is 20257 a composite number?
True
Is 194 a composite number?
True
Is 17401 composite?
False
Is 13843 composite?
True
Is 11183 composite?
True
Is 2051 composite?
True
Is 185911 composite?
True
Is 19091 a prime number?
False
Is 5541 a composite number?
True
Is 112543 a prime number?
True
Is 274259 a composite number?
False
Is 67 prime?
True
Is 240245 a composite number?
True
Is 24611 a prime number?
True
Is 11113 a composite number?
False
Is 8419 prime?
True
Is 15859 a prime number?
True
Is 11821 a prime number?
True
Is 16294 prime?
False
Is 75662 composite?
True
Is 6247 a prime number?
True
Is 1350641 prime?
True
Is 472447 a composite number?
True
Is 83067 prime?
False
Is 3944107 composite?
False
Is 290107 a prime number?
True
Is 1600459 a prime number?
False
Is 583 prime?
False
Is 10033 a composite number?
True
Is 8491 a prime number?
False
Is 27689 composite?
False
Is 439613 composite?
False
Is 8247 prime?
False
Is 64159 prime?
False
Is 1561 composite?
True
Is 39469 composite?
True
Is 871303 composite?
False
Is 1862747 prime?
False
Is 1021541 prime?
True
Is 1541573 a prime number?
False
Is 15121 a composite number?
False
Is 135403 a prime number?
True
Is 4561 prime?
True
Is 24793 prime?
True
Is 15689 composite?
True
Is 382997 prime?
False
Is 65479 prime?
True
Is 104627 a prime number?
False
Is 31907 a composite number?
False
Is 569807 composite?
True
Is 3360337 a composite number?
False
Is 451159 prime?
True
Is 12871 prime?
False
Is 34507 composite?
True
Is 115727 prime?
True
Is 4187 a prime number?
False
Is 31751 a composite number?
False
Is 501077 prime?
True
Is 90469 a composite number?
False
Is 876011 a prime number?
True
Is 499 a composite number?
False
Is 5249 a prime number?
False
Is 4111 composite?
False
Is 21874 a composite number?
True
Is 22993 a composite number?
False
Is 14699 composite?
False
Is 184081 prime?
True
Is 173347 a prime number?
True
Is 1291531 a composite number?
True
Is 100319 composite?
True
Is 2099 prime?
True
Is 34737 a prime number?
False
Is 21557 a prime number?
True
Is 571331 a prime number?
True
Is 35897 a prime number?
True
Is 1211 composite?
True
Is 1310321 composite?
True
Is 184649 composite?
False
Is 21779 a composite number?
True
Is 64481 a composite number?
True
Is 8513 a composite number?
False
Is 679 a prime number?
False
Is 132542 composite?
True
Is 7229 prime?
True
Is 1056079 a composite number?
True
Is 269867 a composite number?
True
Is 458449 a composite number?
False
Is 77471 a composite number?
False
Is 68071 a prime number?
True
Is 103117 a composite number?
True
Is 2527789 a prime number?
False
Is 10301 a composite number?
False
Is 20593 a prime number?
True
Is 145931 a prime number?
True
Is 4099 prime?
True
Is 6521 a prime number?
True
Is 79571 composite?
True
Is 268151 prime?
False
Is 1059167 prime?
False
Is 23239 a composite number?
True
Is 16331 a prime number?
False
Is 17417 a prime number?
True
Is 3511 a prime number?
True
Is 3943 composite?
False
Is 4685 a prime number?
False
Is 1030219 a prime number?
True
Is 351887 